ghest common divisor of u and 380?
20
Suppose 3*o - 14 = -2. Suppose i + o*d = -16, 2*i - 3*d - 14 = -2. Suppose i = p - 12*p + 704. Calculate the highest common factor of p and 160.
32
Suppose -15149*f + 15140*f + 6345 = -405. Calculate the greatest common factor of f and 650.
50
Let a be (3/(-2))/((-6)/88). Suppose 1213 = -15*j + 1437 + 6376. Calculate the highest common factor of a and j.
22
Let q = 7837 - 6417. Calculate the highest common factor of q and 71.
71
Let n(u) = -940*u + 8960. Let a be n(8). What is the greatest common divisor of a and 1104?
48
Suppose -1889 - 2634 = -54*p - 851. Let i(k) = k + 340. Let s be i(0). What is the greatest common factor of s and p?
68
Let y(p) = 37*p + 66. Let h be y(-6). Let g = h - -158. Calculate the greatest common divisor of 8 and g.
2
Let x be 8*12/216*9/2. Suppose -x*z - 5*o = -2*o - 280, 0 = -2*o - 4. What is the greatest common divisor of 65 and z?
13
Suppose 2*l + 2*v = -2*l + 340, 5*l - v = 418. Suppose 3*f + 5 = 2*b, 0*b - 2*f - 15 = -3*b. What is the greatest common factor of b and l?
7
Suppose 4*y = -5*u + 805, 4*u + 130*y - 129*y - 655 = 0. Calculate the highest common factor of 8019 and u.
33
Let r(h) = h**3 + 13*h**2 + 10*h - 15. Let v be r(-9). Let d be 6/(-14) + v/21. Let y be (3 + -9)/(24/(-80)). What is the highest common factor of d and y?
10
Let c be 14 + (-25792)/(-65) + (-3 - (-33)/15). Calculate the highest common divisor of c and 574.
82
Suppose 4*o = -2*i + 4, -2*i + 7 - 4 = 5*o. Let v(q) = 29*q**3 + q**2 - 1. Let w be v(o). Let f = -13 - w. Calculate the highest common factor of f and 128.
16
Suppose -4*l - 4*x - 8 = -2*l, x = l - 5. Suppose 0 = 5*k - 3*m - 1259, -296 - 189 = -l*k - 5*m. What is the greatest common factor of k and 50?
50
Suppose 51*z - 55*z + 820 = 0. Suppose -14 + 4 = -5*d. Suppose -3*a = -d*o + 79, 0*o + 4*o = -2*a + 166. What is the greatest common divisor of o and z?
41
Let a be 1/(-3)*(-63)/14*2. Suppose a*p - 3*b = 13 + 11, p - 5*b - 24 = 0. What is the greatest common divisor of p and 3?
1
Suppose 2*c + 2*m = 5*c + 42, 2*m = -6. Let d be ((-2820)/c)/15 + 1/4. Calculate the highest common factor of d and 9.
3
Suppose 318 = w - 3*x, 4*w + 2*x - 829 = 359. Calculate the highest common factor of 24 and w.
12
Let i be 166/996 + 9238/12. Calculate the highest common divisor of i and 210.
70
Suppose 2*u = 6*u + 2*g, 5*u + 3*g + 2 = 0. Let v(a) = 4*a**u - 4 + 3 + 4 - 5. Let s be v(-2). Calculate the greatest common factor of s and 126.
14
Let i be (2/1)/(-6) - 2108/(-186). Suppose -5*d + d = -x - 1495, -3*x + 3 = 0. Calculate the greatest common factor of i and d.
11
Let u(y) = 5*y + 27. Let q be u(-5). Let l be 25/2*(26 - (q + 2)). What is the highest common factor of l and 110?
55
Suppose 7776 = -19*q - 22*q + 59*q. Calculate the highest common factor of 27 and q.
27
Let n = -161923 + 161924. Let l = -3 - -11. What is the highest common factor of l and n?
1
Let n = 109 + -119. Let f be -4*(475/n + 0). What is the greatest common divisor of f and 10?
10
Let i(s) be the first derivative of s**4/4 - s**3/3 + s**2 - 6*s + 209. Suppose 0*f + 4 = f. Let w be i(f). What is the greatest common factor of w and 25?
25
Let m be (95 - 1)/2 + -3. Suppose 718*x - 679*x = 1716. What is the highest common divisor of x and m?
44
Suppose -2*o - 2*g - g + 509 = 0, -5*o - 4*g = -1269. Suppose -651*l = -632*l - 209. What is the highest common factor of l and o?
11
Let i be 3 + 3/(-1) - (-11)/(55/310). What is the highest common divisor of 186 and i?
62
Let x = -3397 - -3424. Calculate the greatest common divisor of x and 1620.
27
Suppose 30*l - 21450 = 15*l. Suppose -l = 120*f - 130*f. What is the greatest common divisor of f and 52?
13
Let w = 1176 + -1174. Let c(a) = 6*a - 1. Let n be c(-5). Let l = n + 53. What is the greatest common divisor of l and w?
2
Let i be -667*((-2)/3 - (-44)/(-132)). What is the greatest common factor of 69 and i?
23
Let f = -41 - -43. Let u be ((-91)/14 - -6)*16/f. Let m be (-18)/(-8)*(28 + 16/u). What is the greatest common factor of m and 18?
18
Let f be (3 - -1) + 3 - 60/(-4). What is the highest common factor of 5126 and f?
22
Suppose d - 2 + 0 = 0. Let z(y) = 0*y + 12 + d*y - 9 + 17 + y**2. Let r be z(0). Calculate the greatest common divisor of r and 220.
20
Let f = -7678 - -8173. Calculate the greatest common factor of 1080 and f.
45
Suppose a - s = 42, -2*a + 9 = -5*s - 81. What is the highest common factor of 9560 and a?
40
Let l = 3250 - 3030. What is the greatest common factor of l and 198?
22
Let r(v) be the second derivative of v**3/6 + 15*v**2/2 - 110*v. Let g be r(9). Calculate the greatest common factor of g and 136.
8
Let q(g) = g**2 + 70*g - 2296. Let x be q(28). Calculate the highest common divisor of x and 64.
64
Let d = -153 - -160. Let m(z) = z**2 + 11*z + 14. Let a be m(-21). What is the greatest common divisor of a and d?
7
Let t(h) = 4*h**2 - 34*h - 236. Let n be t(-6). Calculate the greatest common factor of 16 and n.
16
Let t be (359 - 1) + (-7 + 5)/2. What is the highest common divisor of t and 91?
7
Suppose 3*a = -2*y + 1145, 0 = 4*a - 2*y - 1394 - 156. What is the greatest common factor of 33 and a?
11
Let v be 15/(-2)*984/(-30). Suppose 0 = k - 5, -k = 4*y + k - v. Let s = 149 - y. Calculate the greatest common divisor of 18 and s.
18
Suppose 3*b - 8 = -2*d, d - b - b - 4 = 0. Suppose 2*t + d = 3*t. Let z = -97124 - -97132. Calculate the highest common factor of z and t.
4
Suppose -21522 = 432*d - 643*d. Let u(r) = 44*r**2 + 3*r. Let q be u(-2). Calculate the greatest common factor of d and q.
34
Let r(b) = 38*b**3 + 5*b**2 + 20*b - 34. Let w be r(2). Let n = -77 - -137. Calculate the highest common divisor of n and w.
30
Suppose 13 + 11 = 12*c. Suppose -c*n + 50 = 10. Calculate the highest common divisor of n and 5.
5
Suppose -2*t = -4*c + 640, 0 = 48*c - 46*c - 3*t - 312. Calculate the greatest common factor of c and 864.
54
Let t be 3/9*0 + (-1 - 2). Let w(q) = 7*q**2 - 5*q - 6. Let g be w(t). What is the highest common divisor of g and 108?
36
Let f be (-536)/20 + ((-12)/(-15) - 1). Let q be 9800/(-72) + (-3)/f. Let v = -52 - q. Calculate the highest common factor of 126 and v.
42
Suppose -4*p + t = -92, -16*t = -4*p - 11*t + 76. What is the greatest common factor of 368 and p?
8
Suppose 309*q + 226875 = 1939627 + 2871263. What is the greatest common factor of q and 60?
15
Suppose 68*f - 1909 = 1681 + 626. What is the highest common divisor of 23591 and f?
31
Suppose 6 = 3*n - 1026. Suppose 16*j - 32*j = -1824. Suppose -3*s = 5*r - j, 5*s + 0*s - r - 218 = 0. What is the highest common divisor of n and s?
43
Let g be 354/(-1180) + 2*12729/60. What is the highest common factor of g and 689?
53
Let n = 4087 - 3625. Calculate the highest common divisor of n and 66.
66
Let a(q) = -14*q - 3*q - 2*q**2 - q**2 - 6 + 1. Let t be a(-6). Let k be (21 + t)*(3 + 1). What is the highest common factor of k and 80?
40
Suppose -g - 3*g + 12 = 0. Suppose -g*q + 3 = -12. Suppose 0 = q*l - 3*a - 112, -2*l + a + 42 = -3. Calculate the greatest common divisor of 92 and l.
23
Let z = 2539 - 1785. Let c(g) = -2*g - 24. Let s be c(-41). Calculate the greatest common divisor of z and s.
58
Let c be (60/(-14))/(60/(-7700)). Calculate the highest common divisor of c and 150.
50
Let x be (-1246)/(-18 + 11) + -2. Suppose 0 = -2*w + 135 - 3. Suppose -3*k = 4*j - w, -3*k + 10*j - 5*j + 66 = 0. What is the highest common divisor of k and x?
22
Let c be 2 - (-801 + 6 + -4). What is the highest common divisor of c and 90?
9
Let u = 6959 - 6941. Calculate the greatest common divisor of 246 and u.
6
Let i be (-2*8/(-40))/((-1)/10). Let c be (3906/49)/1 + i/(-14). Calculate the highest common factor of c and 680.
40
Suppose 5*w - 29 = 6. Let f(u) = -2*u**2 - 15*u + 70. Let b be f(0). What is the greatest common factor of b and w?
7
Let h(b) = b**3 + 14*b**2 + 32*b + 304. Let y be h(-12). What is the greatest common divisor of y and 2340?
52
Let v = -6731 + 1627. Let w be -1 - 11/(-9) - v/522. Calculate the highest common factor of w and 10.
10
Let z(y) = -16*y + 131. Let c be z(8). Suppose -690 = -h - 4*h. Suppose 4*a + 2*m = h, -24 = -a - 0*m + c*m. What is the highest common factor of 22 and a?
11
Let a(t) = 4*t + 192. Let v be a(-49). Let